 g = -2848. What is the remainder when g is divided by j(50)?
19
Let o(q) = 2*q**3 + 10*q**2 + 3*q. Let b be o(-9). Let l = b - -391. What is the remainder when (-24)/(-56) + l/(-7) is divided by 23?
18
Suppose k + 3 = 0, -s + k - 12 = -5. Let l(n) = 5*n + 68. Calculate the remainder when l(s) is divided by 7.
4
Suppose 4*p = -2*z + 342, 2*p = -3*p. Let t = 476 - z. What is the remainder when t is divided by 17?
16
Suppose s + 2*s + 4*b = -9, b = 2*s + 6. Calculate the remainder when 1/1*s/(9/(-1257)) is divided by 30.
29
Let d(f) = 2*f + 32. Let c be d(8). Suppose c = 13*b - 147. What is the remainder when 71 is divided by b?
11
Suppose g - 10*g = -3024. Suppose 7*h + 7*h = g. What is the remainder when 262 is divided by h?
22
Let l(g) = -g**2 - 13*g - 8. Let p be l(-7). Suppose 4*b = -342 + p. Let j = b + 124. What is the remainder when j is divided by 12?
11
Suppose -3*o - 2*v + 453 = 0, 3*o - 4*v - 655 = -184. What is the remainder when o is divided by 14?
13
Let v(q) = q**2 + 40*q + 84. Calculate the remainder when 29 + 2/(10/(7 - 2)) is divided by v(-38).
6
Suppose 4*v = -k + 44, -143*k - 5*v = -148*k + 95. Calculate the remainder when 1484 is divided by k.
20
Calculate the remainder when 641 is divided by ((2 - 0)/(-2))/(23/(-36639)*9).
110
Suppose -19*v - 25*v + 2729 + 19139 = 0. Calculate the remainder when v is divided by 141.
74
Let p(c) = -c**2 + 7*c - 5. Let y be p(4). Let u(n) = n - y + 3 - 3. What is the remainder when 4 is divided by u(8)?
0
Suppose -27*b - 19*b - 5106 = 0. What is the remainder when 6 + (2 - b - -3) is divided by 38?
8
Suppose 2*i - 5*u + 9*u - 10 = 0, -12 = 4*u. Suppose 308 + 33 = i*b. Calculate the remainder when 57 is divided by b.
26
Suppose 5*u = 25, 282 = 3*z + 3*u + 3. Let s be ((-2)/(-5))/(1/(-100)). Let j = -22 - s. Calculate the remainder when z is divided by j.
16
Let m = -43 + 46. Let i(o) = -o**2. Let f(d) = 13*d + 34. Let s(x) = f(x) - i(x). What is the remainder when s(-10) is divided by m?
1
Suppose -5*p + 376 + 319 = 0. What is the remainder when p is divided by 19/1 - (10 + (-10 - (-25)/5))?
13
Let p = -197 + 194. What is the remainder when 31 + (-14)/(4 - p) is divided by 15?
14
Let c = 37 + -42. Suppose 3*w = 6*w - 219. What is the remainder when w is divided by 4 - (-10)/(c/(30/(-4)))?
16
Let d(p) = -77 - 68 - 2*p**2 - 83*p + 165. Calculate the remainder when d(-35) is divided by 68.
67
Suppose 0 = -6*u + 161 + 1675. What is the remainder when 71 is divided by u/12 + 7/(-14)?
21
Suppose -58*h - 819 = -67*h. What is the remainder when 900 is divided by h?
81
Suppose -783 = 18*s + 11*s. Let l(b) = 2*b + 69. Calculate the remainder when 69 is divided by l(s).
9
Let c = -14 - -22. Suppose 2*q = -2*f + c, 5*f - 19 = -5*q + f. Suppose -4*g = -q*n - 245, g - 51 = -4*n - 4. Calculate the remainder when g is divided by 15.
14
Suppose -5*d + 733 = -557. Let y = -150 + d. Let r = y - 69. What is the remainder when r is divided by 10?
9
Suppose 0 = 29*w - 211 - 71 - 443. Calculate the remainder when 7219 is divided by w.
19
Suppose -2*c = -4*c - 2*j + 76, -3*c - j + 112 = 0. What is the remainder when ((-16)/(-3))/(-8) - 1077/(-27)*3 is divided by c?
8
Let r = 4084 - 2680. What is the remainder when r is divided by 93?
9
Let g(h) = 2949*h + 59021. Let i be (51/9)/((-2)/(-6)). Let l = i + -10. What is the remainder when g(-20) is divided by l?
6
Suppose -40 = -3*k - 4*w - 2, 4*k - 34 = 3*w. Calculate the remainder when (-5)/k*(2 + (-1 - 47)) is divided by 11.
1
What is the remainder when 9*39830/15 + -33 + 32 is divided by 14?
13
Let d(j) = -2*j**2 - 8*j + 33. Let n be d(-7). Let x = n + 97. What is the remainder when x is divided by 7?
4
Suppose 2*o - 72 = -2*x, 3*x - 71 - 21 = 5*o. Let u(j) = -2*j**2 + 14*j + 13. What is the remainder when x is divided by u(7)?
8
Let o(j) = 21*j**2 - 445*j - 167. Calculate the remainder when o(27) is divided by 12.
7
Suppose 4*j = 2*f - 20, 4*j - 15 + 65 = 5*f. Let g be 3/15 - (-9)/5. Suppose g*u + 5*r - 11 = 20, 0 = 4*r - 20. What is the remainder when f is divided by u?
1
Let z = 20 + 18. What is the remainder when 1/(-11) - (39923/(-407) - 6) is divided by z?
28
Let l(b) = b**2 - 14*b - 26. Let a be l(14). Let t = a - -51. What is the remainder when 89 is divided by t?
14
Suppose -50*g + 51*g + p - 399 = 0, -5*g + 2019 = -p. Calculate the remainder when g is divided by 101.
100
Let l be 12/(0 + (-12)/(-8)). Let p = l - -11. Let a(w) = w**3 + w**2 - w + 12. Calculate the remainder when p is divided by a(0).
7
Let p(j) = -7*j - 40. Let x be p(-6). Suppose -f - 2*g = -29, 2*f + 3*g - x = 59. What is the remainder when 206 is divided by f?
31
Let n = -577 - -2799. What is the remainder when n is divided by 117?
116
Let t(k) = k**3 + 28*k**2 + 151*k - 18. What is the remainder when t(-17) is divided by 3?
0
Let v = -1387 + 1457. What is the remainder when 106 is divided by v?
36
Let d = 469 - 676. Let t = -97 - d. Let f(w) = 9*w**2 + 5*w - 8. What is the remainder when t is divided by f(2)?
34
Let u = 9126 + -9106. Calculate the remainder when 5036 is divided by u.
16
Let i(h) = -3*h - 1. Let r be i(-1). Suppose 0 = -o - z + 48, -90 = -r*o + z - 0*z. Let m(k) = k + 12. Calculate the remainder when o is divided by m(-2).
6
Let g(a) = 7*a**2 + 205*a - 40. Calculate the remainder when g(-37) is divided by 218.
214
Suppose -4*f = 3*v - 93, 2*f = -5*v + 50 + 7. Let s = f + -18. Suppose 8*m - 124 = 6*m - b, s*m + b - 185 = 0. Calculate the remainder when m is divided by 16.
13
Let b = 28585 - 28540. Calculate the remainder when 108 is divided by b.
18
Let x = 30 + -25. Suppose 5*h = -3*u + 35, -5*h = u - 0*h + x. Suppose -u = -3*p - p. Calculate the remainder when 17 is divided by p.
2
Suppose 0 = 3*s + 4*b - 374, 39*b - 41*b = -2*s + 268. Suppose 3*t = 10 + 32. What is the remainder when (s/(-13) - -13) + 65/1 is divided by t?
12
Let o(c) = c**3 + 11*c**2 + 15*c - 21. Let h be o(-9). Let m(d) = -d**3 + 8*d**2 - 4*d - 19. Calculate the remainder when 72 is divided by m(h).
14
Let i = -719 - -674. What is the remainder when 41 is divided by 14*(-4 - i/10)?
6
Let x(y) be the first derivative of -15*y**2 - 2*y - 27. Let r = -44 + 42. What is the remainder when x(r) is divided by 17?
7
Suppose -4*g + o - 5*o = -508, 532 = 4*g - 4*o. Calculate the remainder when g is divided by (5 + 0)*38/10.
16
Let h be ((-135)/36)/((-6)/16). Let y(v) = -2*v**2 + 33*v - 3. Suppose 5*d - 5*c - 81 = 54, 2*c = 4*d - 118. What is the remainder when y(h) is divided by d?
31
Calculate the remainder when (517/2*108/99)/(-8 + 9) is divided by 146/10 - 2/(-5).
12
Let g(v) = v**2 - 7*v + 10. Let q = 7 + 4. What is the remainder when 107 is divided by g(q)?
53
Suppose -93 = -2*m + 3*r, 2*m + 3*r = -5*m + 339. Calculate the remainder when 144 is divided by m.
0
Let a(b) = b**3 + 8*b**2 - 23*b + 11. Let v be a(-10). Let f be 92/(-3)*36/(-8). Suppose -f*n = -139*n + v. What is the remainder when n is divided by 13?
2
What is the remainder when 1083 is divided by (2/(-5))/(624/(-26520))?
12
Let i = 359 + -352. Suppose 39 = 3*o - 4*h, -2*o - i*h + 5*h = -26. Calculate the remainder when 76 is divided by o.
11
What is the remainder when 3312 is divided by (-1)/(10/(-25)*(-2)/(-4))?
2
Let g = 23728 - 22902. Calculate the remainder when g is divided by 364.
98
Let v = 38563 - 38526. Calculate the remainder when 2324 is divided by v.
30
Let d be 8338/(-220) + (-2)/20. Calculate the remainder when d/((32/(-12))/(-4)*-1) is divided by 22.
13
Suppose 209*t = 208*t + 5*f + 31, 5*t + 4*f = 68. What is the remainder when ((-1)/(-2))/(8/720) is divided by t?
13
Suppose 37*y + 820 = 33*y. Let x = -167 - y. Calculate the remainder when 108 is divided by x.
32
What is the remainder when 329 + -1 - (-75)/25 is divided by 53?
13
What is the remainder when 1190 is divided by ((-294)/(-22) + -13)/(6/363)?
2
Let f(l) = 7*l**2 + 1274*l - 7677. Calculate the remainder when 12918 is divided by f(6).
216
Let d = 3861 - 3845. Calculate the remainder when 58 is divided by d.
10
Let b = -392 + 743. Suppose -6*q + b = -3*q. Suppose -10*r = -12*r - m + 48, r - 3*m - 24 = 0. Calculate the remainder when q is divided by r.
21
Let o(x) = x**3 + 26*x**2 + 53*x - 402. Calculate the remainder when o(-22) is divided by 97.
77
Let a = -7309 